-247*i**2 + i - 8. Let t(u) = 124*u**2 - u + 4. Let k(w) = 9*t(w) + 4*x(w). Is k(1) a prime number?
True
Let j(p) = -46*p + 1. Let g(d) = -45*d + 1. Let b(h) = 4*g(h) - 6*j(h). Suppose 30*f + 9 = 39*f. Is b(f) prime?
False
Suppose -2*s = 4*z - 960, -z + 5*s + 707 = 2*z. Is z composite?
False
Suppose -f = -10*p + 15*p - 112660, 5*p = 2*f + 112645. Is p a composite number?
False
Let c = -27 + 16. Let a = -7 - c. Suppose 0*x = a*x - 940. Is x a prime number?
False
Let f be 9886/7 + 4/(-14). Let b = 2089 - f. Is b prime?
True
Suppose 0 = u - 3*u - 4*i - 208, 104 = -u + 3*i. Let j = 159 - u. Is j a composite number?
False
Let t = 83 + -83. Suppose 4*r + 4*u - 2*u - 3932 = t, 0 = 2*u. Is r a prime number?
True
Suppose 0 = -z + 2*y - 5*y + 8, y + 30 = 2*z. Let f = -9 + z. Suppose 4*n + c - 1943 = 2*c, 5*n - f*c - 2410 = 0. Is n composite?
False
Let b = -119 + 109. Is 54*(-195)/(-42) - b/35 composite?
False
Suppose -2*s + 117 + 469 = 0. Is s a composite number?
False
Let s = -50 + 44. Is 267 + (66/(-18) - (-2)/s) a prime number?
True
Suppose -4*q + 5*g = -33004, -2*q = -7*g + 2*g - 16502. Is q prime?
False
Let r = 697 + 454. Is r prime?
True
Let m = -869 + -382. Is 2 + -1 + -3 - m composite?
False
Suppose -9278 + 2510 = -4*d. Suppose 6*u - d - 786 = 0. Is u a prime number?
False
Suppose 16811 - 49321 = -10*t. Is t a composite number?
False
Suppose 0*u = 8*u - 32. Suppose y = -d + 7, 19 = u*y - 4*d - d. Is y a prime number?
False
Let p = 10 + -31. Is (-2742)/4*70/p prime?
False
Let g(r) = -4*r - 17. Let s be g(-5). Suppose m = -s*m + 8. Suppose 4*c - 482 = -5*x, -468 = -4*c - 0*c + m*x. Is c composite?
True
Suppose -19*g + 7*g = -1572. Is g composite?
False
Let d = 1746 + 2109. Is -2 - (d/(-10))/(2/4) composite?
False
Suppose -13*i + 3004 = -15*i. Let s = 2135 - i. Is s composite?
False
Suppose 2*o = 2*i - 2*o - 34, -5*o = 20. Suppose -4*l = -145 + i. Let j = 28 + l. Is j a prime number?
False
Let v(h) = -3*h + 6. Let u be v(-9). Suppose u*m = 36*m - 2121. Is m composite?
True
Let d(g) = 24*g - 149. Is d(27) prime?
True
Let o(d) = 11145*d**2 - 11*d - 19. Is o(-3) composite?
True
Let c be 1029 - (5 + (-3 - 1)). Let v = c + 91. Is v composite?
True
Let t be 0 + 4 + 3 + 0/1. Let o(v) = 2*v**3 - 6*v**2 - 3*v + 7*v + 6 - v**3. Is o(t) prime?
True
Suppose 0 = -2*r - 2*t - 2, 5*r + t - 4*t - 19 = 0. Suppose -3*p + 87 = r*w, 2*p + 0 = 2*w + 68. Is p a prime number?
True
Suppose 13*u - 57224 - 44839 = 0. Is u composite?
True
Let f be (0 - (-1)/(-1))*10. Let d(n) = n + 15. Let b be d(f). Suppose 4*c - 3*i - 6709 = 2*c, b*i = -5. Is c a composite number?
True
Let m(o) = -o**3 + 5*o**2 + o + 1. Let t be m(5). Suppose -5*i - 265 = -t*i. Is i a composite number?
True
Suppose -c - 3120 = s, -s = 5*c + 2186 + 918. Is 2/(-6) + s/(-3) prime?
False
Let l = 7 - 3. Suppose -685 = -l*h + 371. Suppose -u + 8*z + 68 = 7*z, h = 4*u + 4*z. Is u composite?
False
Let s = -26 - -42. Let n = s + -19. Is n/1 + (2 - -20) a composite number?
False
Suppose 1097 = -272*z + 273*z. Is z prime?
True
Suppose -4*m = -32*m + 412356. Is m prime?
False
Suppose -10 = 2*a - 114. Let v = -118 + a. Is ((-37)/(-2))/((-3)/v) a prime number?
False
Suppose -3*l + 4*b + 4463 = 0, -5*b + 4471 = 3*l - b. Let g = 2516 - l. Suppose 2*q - 209 = q + 2*n, -5*q + 4*n + g = 0. Is q a prime number?
False
Let k(c) = 184*c - 3. Let u be (-2 - -2) + -2 + 3. Is k(u) a prime number?
True
Let q(u) = 5*u**2 + 280*u + 14. Is q(-59) a prime number?
False
Let n(q) = -260*q + 3. Is n(-7) a composite number?
False
Let f = -153 + 532. Is f a prime number?
True
Let s be (-7 + 1)*10/(-30). Let g(f) = 2*f - 1. Let u be g(s). Suppose -1135 = -u*r - 256. Is r prime?
True
Suppose -3*d + 183 = -174. Let j = -15 + 38. Let t = j + d. Is t a composite number?
True
Suppose -4*r = -5*a - 16993, 4*r + a = 4*a + 16991. Is r prime?
False
Let t(d) = d**3 - 4*d**2 + 5*d - 2. Let a be t(3). Let q(l) = 19*l**2 + 3*l + 3. Let x be q(a). Let n = x + -24. Is n a prime number?
False
Is 4 + 3 + -2 + 1194 prime?
False
Let h(x) = -9*x + 505. Is h(12) prime?
True
Let x(d) = d**3 - 2*d**2 + d - 3. Let g be x(3). Suppose -7*c + g*c + 4 = 0. Is ((-1)/c)/((-1)/(-794)) a prime number?
True
Let a(i) be the second derivative of 13*i**4/12 + 5*i**3/3 - 11*i**2 - 14*i. Let x(q) = 20*q**2 + 15*q - 33. Let u(f) = 8*a(f) - 5*x(f). Is u(10) composite?
False
Let h be -11 + (3 - 2)*-1. Let s be 18 + 8/h*-3. Is (s + 3)/((-3)/(-21)) composite?
True
Let n(u) = -11*u**3 - u**2 + 2*u - 1. Suppose 4*x - 11*x - 14 = 0. Is n(x) a prime number?
True
Suppose -6*z - 4005 = -7*z - y, -y = 2*z - 8012. Is z a composite number?
False
Let y = 1452 + 1271. Is y a composite number?
True
Let v(i) = -231*i - 44. Is v(-3) a composite number?
True
Suppose 0*b + 5*b - 3 = -3*q, 2*q = -b + 9. Let l = q + -2. Suppose -4*h + l*z = -312, -3*z + 232 = 3*h - 4*z. Is h composite?
True
Suppose 1538 + 46940 = 2*n - 4*o, -n - 5*o + 24239 = 0. Is n composite?
False
Let l(j) = -38*j**3 + 22*j**2 + 13*j - 17. Is l(-8) a composite number?
False
Suppose 6*t = 9*t - 1659. Is t prime?
False
Suppose 0 = i + 3*t + 254, 1 + 4 = -5*t. Let k = -162 - i. Is k a composite number?
False
Let g be ((-5)/(-15))/((-2)/12). Let d(i) = -i**2 + i - 3. Let c be d(g). Is 173/3 + 6/c composite?
True
Let a = -8 - -9. Let h be (7 - 7) + 7 + a. Is (-6)/5*(-140)/h prime?
False
Suppose -4*s = -2*o, 2*o = 4*s + 4*o - 16. Suppose 2*t = -s*t + 12. Suppose 47 + 130 = t*p. Is p a prime number?
True
Let s(i) = 17*i + 3. Let x(h) = -h**3 + 8*h**2 + 8*h + 12. Let f be x(9). Let t be s(f). Suppose -5*u + 0*b + 101 = -3*b, 3*u - t = 4*b. Is u prime?
False
Suppose -5*f = -6*w + 3*w + 47, w = -3*f + 11. Let i(j) = w*j**2 - 1 - 13*j**2 - 11*j - 1. Is i(-9) a prime number?
False
Suppose 89*d = 144196 + 1239309. Is d a prime number?
False
Let z(s) = 5 - 3*s**3 + 3 - s**3 - 3*s**2 + 11*s + s**3. Let r be z(-8). Let f = r - 617. Is f a composite number?
False
Let d(y) = -y**2 + 22*y - 1. Let p be d(13). Let x(v) = v**3 + 4*v**2 + 2*v + 4. Let m be x(-5). Let k = m + p. Is k a composite number?
True
Let o be 1/((-12)/(-10) + -1). Suppose -o*x + 19 = 4. Is (1 + -4)*(-23)/x a composite number?
False
Let o(h) = 1990*h**2 + h + 2. Is o(-1) a composite number?
True
Let m be (-3)/6*(-47904)/2. Suppose -17*d = -9*d - m. Is d a prime number?
False
Suppose 0 = 14*v - 13*v - 1661. Let j = v + -300. Is j a prime number?
True
Let q = 8660 - 1527. Is q prime?
False
Let d(r) = 59*r - 6. Let c = -14 - -18. Let w be d(c). Suppose -114 = -4*p + w. Is p composite?
True
Suppose -20 = 3*i - 5*n + 11, -5*i - 20 = -2*n. Is 500/2 + (i - -3) composite?
False
Let c(k) = k**2 - k + 145. Let g = 17 - 17. Is c(g) a prime number?
False
Let l = -5800 - -16803. Is l prime?
True
Suppose -173*q = -180*q + 61901. Is q a composite number?
True
Let z(x) = 11*x + 11. Let l(p) = -p. Let w(v) = -22*l(v) - z(v). Is w(4) a prime number?
False
Let c be (-16)/(-7) - (-4)/(-14). Suppose -4*m + 5*y + 143 = -c*m, -5*m + 371 = y. Suppose -19 = p - m. Is p a composite number?
True
Let w(y) be the third derivative of 119/30*y**5 + 8*y**2 - 1/6*y**3 + 0*y + 0*y**4 + 0. Is w(-1) composite?
True
Let p be (-11)/(-33) - (-3107)/3. Suppose -4*b + p = k + 233, -k = -b - 783. Is k prime?
True
Suppose 3*k = 9 - 3. Suppose 0 = p - k - 0. Is (p/(-8))/(6/(-1992)) composite?
False
Suppose 0 = 5*r + 2*s - 10779, 2*r + 7*s = 5*s + 4314. Is r a composite number?
True
Is (2/((-12)/(-94)))/(171/65151) a prime number?
False
Let h = -407 - -1078. Is -2 + 0 + h + -20 composite?
True
Suppose -15 + 79 = 4*h. Let d = -9 + h. Is (-4707)/(-6) + d/14 a prime number?
False
Suppose -156 = 2*y - 4*y. Suppose -b - 240 = -2*b + g, 5*b = g + 1204. Let u = b - y. Is u a composite number?
False
Suppose -3*s + 17964 = 2*l + 6141, 41448 = 7*l - 3*s. Is l a prime number?
False
Let r(g) = 2 + 2 + g**3 - 5. Let c be r(1). Suppose c*x = x - 55. Is x composite?
True
Let q(a) = 7791*a**2 + 4*a + 2. Is q(-1) composite?
False
Suppose -9*n + 8820 = -111501. Is n a composite number?
True
Let y = -7 - -12. Suppose -5*d = -y*z + 1020, -2*d = -2*z - z + 609. Is z - -5 - (-3)/(-1) prime?
False
Let g(z) be the first derivative of -145*z**4/4 - z**3/3 + z + 3. Let r(a) = -a**3 + 6*a**2 - 6*a + 4. Let t be r(5). Is g(t) a prime number?
False
